ainder when 2235188 is divided by 1117576?
36
What is the remainder when 4879401 is divided by 42052?
1369
Calculate the remainder when 2595077 is divided by 166.
165
Calculate the remainder when 19639786 is divided by 4909945.
6
Calculate the remainder when 42754895 is divided by 10688722.
7
What is the remainder when 1170116 is divided by 1170109?
7
Calculate the remainder when 215121 is divided by 252.
165
Calculate the remainder when 40448799 is divided by 1864.
1863
What is the remainder when 237591 is divided by 1542?
123
Calculate the remainder when 71580892 is divided by 1376.
1372
What is the remainder when 1180459 is divided by 16863?
49
Calculate the remainder when 69661167 is divided by 851.
9
What is the remainder when 137642 is divided by 676?
414
What is the remainder when 1255274 is divided by 170?
164
What is the remainder when 439142 is divided by 513?
14
Calculate the remainder when 921034 is divided by 10.
4
What is the remainder when 1177555231 is divided by 32?
31
What is the remainder when 17248235 is divided by 38?
35
Calculate the remainder when 10642102 is divided by 11214.
16
What is the remainder when 1937206 is divided by 44?
18
What is the remainder when 4070478 is divided by 396?
390
Calculate the remainder when 1234893 is divided by 411585.
138
What is the remainder when 250968 is divided by 98?
88
What is the remainder when 2877061 is divided by 24590?
31
What is the remainder when 263379 is divided by 10290?
6129
Calculate the remainder when 4793856 is divided by 4154.
140
Calculate the remainder when 503203 is divided by 5718.
19
Calculate the remainder when 13099875 is divided by 4802.
19
What is the remainder when 20362482 is divided by 1071709?
11
Calculate the remainder when 88795 is divided by 759.
751
What is the remainder when 5217875 is divided by 869644?
11
What is the remainder when 217292236 is divided by 57?
28
Calculate the remainder when 283401 is divided by 4119.
3309
Calculate the remainder when 1075544 is divided by 1131.
1094
What is the remainder when 2384744 is divided by 397456?
8
Calculate the remainder when 9446 is divided by 8054.
1392
Calculate the remainder when 16492 is divided by 16482.
10
What is the remainder when 551397 is divided by 551396?
1
Calculate the remainder when 71487 is divided by 86.
21
What is the remainder when 5924145 is divided by 5924135?
10
Calculate the remainder when 183279 is divided by 40.
39
What is the remainder when 318187 is divided by 1408?
1387
What is the remainder when 61458335 is divided by 9?
8
Calculate the remainder when 3080762 is divided by 45303.
158
What is the remainder when 41403239 is divided by 498?
17
Calculate the remainder when 23712312 is divided by 23712300.
12
Calculate the remainder when 791610 is divided by 32981.
66
What is the remainder when 357490 is divided by 32477?
243
What is the remainder when 1051377 is divided by 15692?
13
What is the remainder when 701007 is divided by 35?
27
What is the remainder when 1095163 is divided by 45?
43
What is the remainder when 96161270 is divided by 456?
446
What is the remainder when 9836731 is divided by 4504?
4499
Calculate the remainder when 4509963 is divided by 12189.
33
What is the remainder when 1652010 is divided by 457?
412
Calculate the remainder when 467486 is divided by 958.
940
What is the remainder when 3050082 is divided by 32106?
12
What is the remainder when 3948396 is divided by 25?
21
What is the remainder when 105000 is divided by 1457?
96
What is the remainder when 756374 is divided by 377552?
1270
What is the remainder when 541595821 is divided by 98?
95
Calculate the remainder when 60073 is divided by 10010.
13
Calculate the remainder when 10796 is divided by 1978.
906
Calculate the remainder when 7337332 is divided by 41.
13
Calculate the remainder when 98710499 is divided by 7900.
7899
What is the remainder when 173008 is divided by 518?
514
Calculate the remainder when 145404465 is divided by 36.
33
What is the remainder when 65956743 is divided by 5073595?
8
What is the remainder when 14697 is divided by 919?
912
Calculate the remainder when 34530254 is divided by 3836690.
44
Calculate the remainder when 457293 is divided by 228570.
153
Calculate the remainder when 275546 is divided by 3168.
3098
Calculate the remainder when 2379016 is divided by 2011.
3
What is the remainder when 2863319 is divided by 686?
641
Calculate the remainder when 20370664 is divided by 100.
64
What is the remainder when 14455 is divided by 80?
55
What is the remainder when 177570 is divided by 3611?
631
What is the remainder when 700163 is divided by 3929?
801
Calculate the remainder when 1190985 is divided by 262.
195
What is the remainder when 53754431 is divided by 1383?
1370
Calculate the remainder when 1634504 is divided by 97.
54
What is the remainder when 282397 is divided by 3168?
445
What is the remainder when 5001279 is divided by 1711?
26
What is the remainder when 176494 is divided by 11751?
229
Calculate the remainder when 31302284 is divided by 723.
722
What is the remainder when 491149 is divided by 209?
208
What is the remainder when 55712272 is divided by 243285?
7
What is the remainder when 2598666 is divided by 597?
522
What is the remainder when 66768144 is divided by 1473?
0
What is the remainder when 12107605 is divided by 864828?
13
Calculate the remainder when 98802 is divided by 2356.
2206
Calculate the remainder when 159007 is divided by 1746.
121
Calculate the remainder when 3084 is divided by 445.
414
What is the remainder when 569090 is divided by 18337?
643
Calculate the remainder when 27147768 is divided by 292.
236
What is the remainder when 30340122 is divided by 312?
306
What is the remainder when 34627198 is divided by 15?
13
Calculate the remainder when 3014857 is divided by 231911.
14
Calculate the remainder when 2169776 is divided by 2169688.
88
What is the remainder when 1026347 is divided by 656?
363
Calculate the remainder when 281863 is divided by 133.
36
What is the remainder when 2756112 is divided by 269?
207
What is the remainder when 137948 is divided by 1132?
976
Calculate the remainder when 3122875 is divided by 16.
11
Calculate the remainder when 9887955 is divided by 708.
27
Calculate the remainder when 22512 is divided by 17366.
5146
Calculate the remainder when 45871 is divided by 9107.
336
What is the remainder when 10219 is divided by 1029?
958
What is the remainder when 9691965 is divided by 843?
837
Calculate the remainder when 2451096 is divided by 7003.
46
What is the remainder when 21175609 is divided by 191?
12
Calculate the remainder when 17520134 is divided by 2374.
14
What is the remainder when 1208766 is divided by 40292?
6
Calculate the remainder when 911055 is divided by 597.
33
What is the remainder when 16205975 is divided by 437997?
86
Calculate the remainder when 882478 is divided by 294103.
169
What is the remainder when 1691256 is divided by 563705?
141
Calculate the remainder when 8546696 is divided by 415.
186
What is the remainder when 14433408 is divided by 1197?
1179
Calculate the remainder when 166067248 is divided by 261.
256
Calculate the remainder when 1530235 is divided by 61196.
335
Calculate the remainder when 66111426 is divided by 13222282.
16
Calculate the remainder when 7540284 is divided by 1473.
1470
Calculate the remainder when 1677974 is divided by 1766.
274
Calculate the remainder when 60628 is divided by 1539.
607
Calculate the remainder when 69719 is divided by 3415.
1419
What is the remainder when 185689972 is divided by 1429?
1425
What is the remainder when 522942 is divided by 195?
147
Calculate the remainder when 2773506 is divided by 462251.
0
Calculate the remainder when 16298 is divided by 15580.
718
Calculate the remainder when 55600 is divided by 46414.
9186
Calculate the remainder when 13826397 is divided by 187.
178
What is the remainder when 217567 is divided by 110?
97
Calculate the remainder when 220706 is divided by 2712.
1034
Calculate the remainder when 73459 is divided by 563.
269
Calculate the remainder when 19509 is divided by 5537.
2898
What is the remainder when 4928558 is divided by 108?
86
Calculate the remainder when 264418 is divided by 324.
34
Calculate the r